{"id":166,"date":"2023-09-05T09:58:38","date_gmt":"2023-09-05T07:58:38","guid":{"rendered":"https:\/\/katiamihaylova.fr\/?page_id=166"},"modified":"2024-07-31T16:18:36","modified_gmt":"2024-07-31T14:18:36","slug":"mobilier","status":"publish","type":"page","link":"https:\/\/katiamihaylova.fr\/index.php\/mobilier\/","title":{"rendered":"SUR-MESURE"},"content":{"rendered":"<div class=\"wp-block-image is-style-default wp-duotone-unset-1\">\n<figure class=\"aligncenter size-full is-resized\"><img loading=\"lazy\" decoding=\"async\" width=\"1707\" height=\"2560\" src=\"http:\/\/katiamihaylova.fr\/wp-content\/uploads\/2024\/07\/etagere-design-architecture-dinterieur-terre-cuite-ceramique-poteries-sur-mesure-detail-architectural-scaled.jpg\" alt=\"\" class=\"wp-image-633\" style=\"width:354px;height:auto\" srcset=\"https:\/\/katiamihaylova.fr\/wp-content\/uploads\/2024\/07\/etagere-design-architecture-dinterieur-terre-cuite-ceramique-poteries-sur-mesure-detail-architectural-scaled.jpg 1707w, https:\/\/katiamihaylova.fr\/wp-content\/uploads\/2024\/07\/etagere-design-architecture-dinterieur-terre-cuite-ceramique-poteries-sur-mesure-detail-architectural-200x300.jpg 200w, https:\/\/katiamihaylova.fr\/wp-content\/uploads\/2024\/07\/etagere-design-architecture-dinterieur-terre-cuite-ceramique-poteries-sur-mesure-detail-architectural-683x1024.jpg 683w, https:\/\/katiamihaylova.fr\/wp-content\/uploads\/2024\/07\/etagere-design-architecture-dinterieur-terre-cuite-ceramique-poteries-sur-mesure-detail-architectural-768x1152.jpg 768w, https:\/\/katiamihaylova.fr\/wp-content\/uploads\/2024\/07\/etagere-design-architecture-dinterieur-terre-cuite-ceramique-poteries-sur-mesure-detail-architectural-1024x1536.jpg 1024w, https:\/\/katiamihaylova.fr\/wp-content\/uploads\/2024\/07\/etagere-design-architecture-dinterieur-terre-cuite-ceramique-poteries-sur-mesure-detail-architectural-1365x2048.jpg 1365w, https:\/\/katiamihaylova.fr\/wp-content\/uploads\/2024\/07\/etagere-design-architecture-dinterieur-terre-cuite-ceramique-poteries-sur-mesure-detail-architectural-40x60.jpg 40w\" sizes=\"auto, (max-width: 1707px) 100vw, 1707px\" \/><figcaption class=\"wp-element-caption\"><strong>Biblioth\u00e8que aux c\u00e9ramiques porteuses<\/strong> <br>La rencontre du bois et de la c\u00e9ramique a donn\u00e9 naissance \u00e0 cette biblioth\u00e8que.<br>Le bois et l\u2019argile sont enti\u00e8rement travaill\u00e9s \u00e0 la main pour retrouver des courbes naturelles et uniques.<br>Conception, fabrication et pose r\u00e9alis\u00e9s en collaboration avec&nbsp;@Thobaco_Design <br>Photographe&nbsp;<a href=\"https:\/\/aliasmarty.fr\/\" data-type=\"link\" data-id=\"https:\/\/aliasmarty.fr\/\" target=\"_blank\" rel=\"noreferrer noopener\">Alias marty <\/a><br><br>R\u00e9alisation sur demande pour votre projet <br>sur mesure<br>Dimensions L3,70m x H2,50m <br>Demandez un devis<a href=\"https:\/\/katiamihaylova.fr\/index.php\/contact\/\" data-type=\"page\" data-id=\"77\"> ici <\/a><\/figcaption><\/figure>\n<\/div>\n\n\n<figure class=\"wp-block-gallery aligncenter has-nested-images columns-3 is-cropped wp-block-gallery-2 is-layout-flex wp-block-gallery-is-layout-flex\">\n<figure class=\"wp-block-image size-large\"><img loading=\"lazy\" decoding=\"async\" width=\"683\" height=\"1024\" data-id=\"639\" src=\"https:\/\/katiamihaylova.fr\/wp-content\/uploads\/2024\/07\/etagere-design-architecture-dinterieur-terre-cuite-ceramique-poteries-sur-mesure-vases--683x1024.jpg\" alt=\"\" class=\"wp-image-639\" srcset=\"https:\/\/katiamihaylova.fr\/wp-content\/uploads\/2024\/07\/etagere-design-architecture-dinterieur-terre-cuite-ceramique-poteries-sur-mesure-vases--683x1024.jpg 683w, https:\/\/katiamihaylova.fr\/wp-content\/uploads\/2024\/07\/etagere-design-architecture-dinterieur-terre-cuite-ceramique-poteries-sur-mesure-vases--200x300.jpg 200w, https:\/\/katiamihaylova.fr\/wp-content\/uploads\/2024\/07\/etagere-design-architecture-dinterieur-terre-cuite-ceramique-poteries-sur-mesure-vases--768x1152.jpg 768w, https:\/\/katiamihaylova.fr\/wp-content\/uploads\/2024\/07\/etagere-design-architecture-dinterieur-terre-cuite-ceramique-poteries-sur-mesure-vases--1024x1536.jpg 1024w, https:\/\/katiamihaylova.fr\/wp-content\/uploads\/2024\/07\/etagere-design-architecture-dinterieur-terre-cuite-ceramique-poteries-sur-mesure-vases--1365x2048.jpg 1365w, https:\/\/katiamihaylova.fr\/wp-content\/uploads\/2024\/07\/etagere-design-architecture-dinterieur-terre-cuite-ceramique-poteries-sur-mesure-vases--40x60.jpg 40w, https:\/\/katiamihaylova.fr\/wp-content\/uploads\/2024\/07\/etagere-design-architecture-dinterieur-terre-cuite-ceramique-poteries-sur-mesure-vases--scaled.jpg 1707w\" sizes=\"auto, (max-width: 683px) 100vw, 683px\" \/><\/figure>\n\n\n\n<figure class=\"wp-block-image size-full wp-duotone-grayscale\"><img loading=\"lazy\" decoding=\"async\" width=\"503\" height=\"662\" data-id=\"733\" src=\"http:\/\/katiamihaylova.fr\/wp-content\/uploads\/2024\/07\/etageres-Katia-02-e1720078976564.jpg\" alt=\"\" class=\"wp-image-733\" srcset=\"https:\/\/katiamihaylova.fr\/wp-content\/uploads\/2024\/07\/etageres-Katia-02-e1720078976564.jpg 503w, https:\/\/katiamihaylova.fr\/wp-content\/uploads\/2024\/07\/etageres-Katia-02-e1720078976564-228x300.jpg 228w\" sizes=\"auto, (max-width: 503px) 100vw, 503px\" \/><figcaption class=\"wp-element-caption\">croquis de conception fait \u00e0 la main<\/figcaption><\/figure>\n\n\n\n<figure class=\"wp-block-image size-large\"><img loading=\"lazy\" decoding=\"async\" width=\"683\" height=\"1024\" data-id=\"632\" src=\"https:\/\/katiamihaylova.fr\/wp-content\/uploads\/2024\/07\/etagere-design-architecture-dinterieur-terre-cuite-ceramique-poteries-sur-mesure-bibliotheque--683x1024.jpg\" alt=\"\" class=\"wp-image-632\" srcset=\"https:\/\/katiamihaylova.fr\/wp-content\/uploads\/2024\/07\/etagere-design-architecture-dinterieur-terre-cuite-ceramique-poteries-sur-mesure-bibliotheque--683x1024.jpg 683w, https:\/\/katiamihaylova.fr\/wp-content\/uploads\/2024\/07\/etagere-design-architecture-dinterieur-terre-cuite-ceramique-poteries-sur-mesure-bibliotheque--200x300.jpg 200w, https:\/\/katiamihaylova.fr\/wp-content\/uploads\/2024\/07\/etagere-design-architecture-dinterieur-terre-cuite-ceramique-poteries-sur-mesure-bibliotheque--768x1152.jpg 768w, https:\/\/katiamihaylova.fr\/wp-content\/uploads\/2024\/07\/etagere-design-architecture-dinterieur-terre-cuite-ceramique-poteries-sur-mesure-bibliotheque--1024x1536.jpg 1024w, https:\/\/katiamihaylova.fr\/wp-content\/uploads\/2024\/07\/etagere-design-architecture-dinterieur-terre-cuite-ceramique-poteries-sur-mesure-bibliotheque--1365x2048.jpg 1365w, https:\/\/katiamihaylova.fr\/wp-content\/uploads\/2024\/07\/etagere-design-architecture-dinterieur-terre-cuite-ceramique-poteries-sur-mesure-bibliotheque--40x60.jpg 40w, https:\/\/katiamihaylova.fr\/wp-content\/uploads\/2024\/07\/etagere-design-architecture-dinterieur-terre-cuite-ceramique-poteries-sur-mesure-bibliotheque--scaled.jpg 1707w\" sizes=\"auto, (max-width: 683px) 100vw, 683px\" \/><\/figure>\n\n\n\n<figure class=\"wp-block-image size-large\"><img loading=\"lazy\" decoding=\"async\" width=\"683\" height=\"1024\" data-id=\"635\" src=\"https:\/\/katiamihaylova.fr\/wp-content\/uploads\/2024\/07\/etagere-design-architecture-dinterieur-terre-cuite-ceramique-poteries-sur-mesure-interieur--683x1024.jpg\" alt=\"\" class=\"wp-image-635\" srcset=\"https:\/\/katiamihaylova.fr\/wp-content\/uploads\/2024\/07\/etagere-design-architecture-dinterieur-terre-cuite-ceramique-poteries-sur-mesure-interieur--683x1024.jpg 683w, https:\/\/katiamihaylova.fr\/wp-content\/uploads\/2024\/07\/etagere-design-architecture-dinterieur-terre-cuite-ceramique-poteries-sur-mesure-interieur--200x300.jpg 200w, https:\/\/katiamihaylova.fr\/wp-content\/uploads\/2024\/07\/etagere-design-architecture-dinterieur-terre-cuite-ceramique-poteries-sur-mesure-interieur--768x1152.jpg 768w, https:\/\/katiamihaylova.fr\/wp-content\/uploads\/2024\/07\/etagere-design-architecture-dinterieur-terre-cuite-ceramique-poteries-sur-mesure-interieur--1024x1536.jpg 1024w, https:\/\/katiamihaylova.fr\/wp-content\/uploads\/2024\/07\/etagere-design-architecture-dinterieur-terre-cuite-ceramique-poteries-sur-mesure-interieur--1365x2048.jpg 1365w, https:\/\/katiamihaylova.fr\/wp-content\/uploads\/2024\/07\/etagere-design-architecture-dinterieur-terre-cuite-ceramique-poteries-sur-mesure-interieur--40x60.jpg 40w, https:\/\/katiamihaylova.fr\/wp-content\/uploads\/2024\/07\/etagere-design-architecture-dinterieur-terre-cuite-ceramique-poteries-sur-mesure-interieur--scaled.jpg 1707w\" sizes=\"auto, (max-width: 683px) 100vw, 683px\" \/><\/figure>\n\n\n\n<figure class=\"wp-block-image size-large\"><img loading=\"lazy\" decoding=\"async\" width=\"683\" height=\"1024\" data-id=\"636\" src=\"https:\/\/katiamihaylova.fr\/wp-content\/uploads\/2024\/07\/etagere-design-architecture-dinterieur-terre-cuite-ceramique-poteries-sur-mesure-plantes-detail--683x1024.jpg\" alt=\"\" class=\"wp-image-636\" srcset=\"https:\/\/katiamihaylova.fr\/wp-content\/uploads\/2024\/07\/etagere-design-architecture-dinterieur-terre-cuite-ceramique-poteries-sur-mesure-plantes-detail--683x1024.jpg 683w, https:\/\/katiamihaylova.fr\/wp-content\/uploads\/2024\/07\/etagere-design-architecture-dinterieur-terre-cuite-ceramique-poteries-sur-mesure-plantes-detail--200x300.jpg 200w, https:\/\/katiamihaylova.fr\/wp-content\/uploads\/2024\/07\/etagere-design-architecture-dinterieur-terre-cuite-ceramique-poteries-sur-mesure-plantes-detail--768x1152.jpg 768w, https:\/\/katiamihaylova.fr\/wp-content\/uploads\/2024\/07\/etagere-design-architecture-dinterieur-terre-cuite-ceramique-poteries-sur-mesure-plantes-detail--1024x1536.jpg 1024w, https:\/\/katiamihaylova.fr\/wp-content\/uploads\/2024\/07\/etagere-design-architecture-dinterieur-terre-cuite-ceramique-poteries-sur-mesure-plantes-detail--1365x2048.jpg 1365w, https:\/\/katiamihaylova.fr\/wp-content\/uploads\/2024\/07\/etagere-design-architecture-dinterieur-terre-cuite-ceramique-poteries-sur-mesure-plantes-detail--40x60.jpg 40w, https:\/\/katiamihaylova.fr\/wp-content\/uploads\/2024\/07\/etagere-design-architecture-dinterieur-terre-cuite-ceramique-poteries-sur-mesure-plantes-detail--scaled.jpg 1707w\" sizes=\"auto, (max-width: 683px) 100vw, 683px\" \/><\/figure>\n<\/figure>\n\n\n\n<figure class=\"wp-block-image size-large is-resized\"><img loading=\"lazy\" decoding=\"async\" width=\"1024\" height=\"683\" src=\"http:\/\/katiamihaylova.fr\/wp-content\/uploads\/2024\/07\/DSC06740-1024x683.jpg\" alt=\"\" class=\"wp-image-740\" style=\"width:841px;height:auto\" srcset=\"https:\/\/katiamihaylova.fr\/wp-content\/uploads\/2024\/07\/DSC06740-1024x683.jpg 1024w, https:\/\/katiamihaylova.fr\/wp-content\/uploads\/2024\/07\/DSC06740-300x200.jpg 300w, https:\/\/katiamihaylova.fr\/wp-content\/uploads\/2024\/07\/DSC06740-768x512.jpg 768w, https:\/\/katiamihaylova.fr\/wp-content\/uploads\/2024\/07\/DSC06740-1536x1024.jpg 1536w, https:\/\/katiamihaylova.fr\/wp-content\/uploads\/2024\/07\/DSC06740-2048x1365.jpg 2048w, https:\/\/katiamihaylova.fr\/wp-content\/uploads\/2024\/07\/DSC06740-420x280.jpg 420w\" sizes=\"auto, (max-width: 1024px) 100vw, 1024px\" \/><\/figure>\n\n\n\n<figure class=\"wp-block-gallery has-nested-images columns-default is-cropped wp-block-gallery-3 is-layout-flex wp-block-gallery-is-layout-flex\">\n<figure class=\"wp-block-image size-large\"><img loading=\"lazy\" decoding=\"async\" width=\"683\" height=\"1024\" data-id=\"1001\" src=\"https:\/\/katiamihaylova.fr\/wp-content\/uploads\/2024\/07\/DSC06683-683x1024.jpg\" alt=\"\" class=\"wp-image-1001\" srcset=\"https:\/\/katiamihaylova.fr\/wp-content\/uploads\/2024\/07\/DSC06683-683x1024.jpg 683w, https:\/\/katiamihaylova.fr\/wp-content\/uploads\/2024\/07\/DSC06683-200x300.jpg 200w, https:\/\/katiamihaylova.fr\/wp-content\/uploads\/2024\/07\/DSC06683-768x1152.jpg 768w, https:\/\/katiamihaylova.fr\/wp-content\/uploads\/2024\/07\/DSC06683-1024x1536.jpg 1024w, https:\/\/katiamihaylova.fr\/wp-content\/uploads\/2024\/07\/DSC06683-scaled.jpg 1707w\" sizes=\"auto, (max-width: 683px) 100vw, 683px\" \/><\/figure>\n\n\n\n<figure class=\"wp-block-image size-large\"><img loading=\"lazy\" decoding=\"async\" width=\"683\" height=\"1024\" data-id=\"1002\" src=\"https:\/\/katiamihaylova.fr\/wp-content\/uploads\/2024\/07\/DSC06643-683x1024.jpg\" alt=\"\" class=\"wp-image-1002\" srcset=\"https:\/\/katiamihaylova.fr\/wp-content\/uploads\/2024\/07\/DSC06643-683x1024.jpg 683w, https:\/\/katiamihaylova.fr\/wp-content\/uploads\/2024\/07\/DSC06643-200x300.jpg 200w, https:\/\/katiamihaylova.fr\/wp-content\/uploads\/2024\/07\/DSC06643-768x1152.jpg 768w, https:\/\/katiamihaylova.fr\/wp-content\/uploads\/2024\/07\/DSC06643-1024x1536.jpg 1024w, https:\/\/katiamihaylova.fr\/wp-content\/uploads\/2024\/07\/DSC06643-1365x2048.jpg 1365w, https:\/\/katiamihaylova.fr\/wp-content\/uploads\/2024\/07\/DSC06643-scaled.jpg 1707w\" sizes=\"auto, (max-width: 683px) 100vw, 683px\" \/><\/figure>\n\n\n\n<figure class=\"wp-block-image size-large\"><img loading=\"lazy\" decoding=\"async\" width=\"683\" height=\"1024\" data-id=\"1004\" src=\"https:\/\/katiamihaylova.fr\/wp-content\/uploads\/2024\/07\/DSC06744-683x1024.jpg\" alt=\"\" class=\"wp-image-1004\" srcset=\"https:\/\/katiamihaylova.fr\/wp-content\/uploads\/2024\/07\/DSC06744-683x1024.jpg 683w, https:\/\/katiamihaylova.fr\/wp-content\/uploads\/2024\/07\/DSC06744-200x300.jpg 200w, https:\/\/katiamihaylova.fr\/wp-content\/uploads\/2024\/07\/DSC06744-768x1152.jpg 768w, https:\/\/katiamihaylova.fr\/wp-content\/uploads\/2024\/07\/DSC06744-1024x1536.jpg 1024w, https:\/\/katiamihaylova.fr\/wp-content\/uploads\/2024\/07\/DSC06744-scaled.jpg 1707w\" sizes=\"auto, (max-width: 683px) 100vw, 683px\" \/><\/figure>\n<\/figure>\n\n\n\n<figure class=\"wp-block-gallery has-nested-images columns-default is-cropped wp-block-gallery-4 is-layout-flex wp-block-gallery-is-layout-flex\">\n<figure class=\"wp-block-image size-full\"><img loading=\"lazy\" decoding=\"async\" width=\"1707\" height=\"2560\" data-id=\"638\" src=\"https:\/\/katiamihaylova.fr\/wp-content\/uploads\/2024\/07\/etagere-design-architecture-dinterieur-terre-cuite-ceramique-poteries-sur-mesure-pot--scaled.jpg\" alt=\"\" class=\"wp-image-638\" srcset=\"https:\/\/katiamihaylova.fr\/wp-content\/uploads\/2024\/07\/etagere-design-architecture-dinterieur-terre-cuite-ceramique-poteries-sur-mesure-pot--scaled.jpg 1707w, https:\/\/katiamihaylova.fr\/wp-content\/uploads\/2024\/07\/etagere-design-architecture-dinterieur-terre-cuite-ceramique-poteries-sur-mesure-pot--200x300.jpg 200w, https:\/\/katiamihaylova.fr\/wp-content\/uploads\/2024\/07\/etagere-design-architecture-dinterieur-terre-cuite-ceramique-poteries-sur-mesure-pot--683x1024.jpg 683w, https:\/\/katiamihaylova.fr\/wp-content\/uploads\/2024\/07\/etagere-design-architecture-dinterieur-terre-cuite-ceramique-poteries-sur-mesure-pot--768x1152.jpg 768w, https:\/\/katiamihaylova.fr\/wp-content\/uploads\/2024\/07\/etagere-design-architecture-dinterieur-terre-cuite-ceramique-poteries-sur-mesure-pot--1024x1536.jpg 1024w, https:\/\/katiamihaylova.fr\/wp-content\/uploads\/2024\/07\/etagere-design-architecture-dinterieur-terre-cuite-ceramique-poteries-sur-mesure-pot--1365x2048.jpg 1365w, https:\/\/katiamihaylova.fr\/wp-content\/uploads\/2024\/07\/etagere-design-architecture-dinterieur-terre-cuite-ceramique-poteries-sur-mesure-pot--40x60.jpg 40w\" sizes=\"auto, (max-width: 1707px) 100vw, 1707px\" \/><\/figure>\n\n\n\n<figure class=\"wp-block-image size-full wp-duotone-grayscale\"><img loading=\"lazy\" decoding=\"async\" width=\"1707\" height=\"2560\" data-id=\"765\" src=\"http:\/\/katiamihaylova.fr\/wp-content\/uploads\/2024\/07\/DSC00334-1-scaled.jpg\" alt=\"\" class=\"wp-image-765\" srcset=\"https:\/\/katiamihaylova.fr\/wp-content\/uploads\/2024\/07\/DSC00334-1-scaled.jpg 1707w, https:\/\/katiamihaylova.fr\/wp-content\/uploads\/2024\/07\/DSC00334-1-200x300.jpg 200w, https:\/\/katiamihaylova.fr\/wp-content\/uploads\/2024\/07\/DSC00334-1-683x1024.jpg 683w, https:\/\/katiamihaylova.fr\/wp-content\/uploads\/2024\/07\/DSC00334-1-768x1152.jpg 768w, https:\/\/katiamihaylova.fr\/wp-content\/uploads\/2024\/07\/DSC00334-1-1024x1536.jpg 1024w, https:\/\/katiamihaylova.fr\/wp-content\/uploads\/2024\/07\/DSC00334-1-1365x2048.jpg 1365w\" sizes=\"auto, (max-width: 1707px) 100vw, 1707px\" \/><figcaption class=\"wp-element-caption\">tournage des pi\u00e8ces <\/figcaption><\/figure>\n\n\n\n<figure class=\"wp-block-image size-large\"><img loading=\"lazy\" decoding=\"async\" width=\"1024\" height=\"683\" data-id=\"634\" src=\"http:\/\/katiamihaylova.fr\/wp-content\/uploads\/2024\/07\/etagere-design-architecture-dinterieur-terre-cuite-ceramique-poteries-sur-mesure-detail-bibliotheque--1024x683.jpg\" alt=\"\" class=\"wp-image-634\" srcset=\"https:\/\/katiamihaylova.fr\/wp-content\/uploads\/2024\/07\/etagere-design-architecture-dinterieur-terre-cuite-ceramique-poteries-sur-mesure-detail-bibliotheque--1024x683.jpg 1024w, https:\/\/katiamihaylova.fr\/wp-content\/uploads\/2024\/07\/etagere-design-architecture-dinterieur-terre-cuite-ceramique-poteries-sur-mesure-detail-bibliotheque--300x200.jpg 300w, https:\/\/katiamihaylova.fr\/wp-content\/uploads\/2024\/07\/etagere-design-architecture-dinterieur-terre-cuite-ceramique-poteries-sur-mesure-detail-bibliotheque--768x512.jpg 768w, https:\/\/katiamihaylova.fr\/wp-content\/uploads\/2024\/07\/etagere-design-architecture-dinterieur-terre-cuite-ceramique-poteries-sur-mesure-detail-bibliotheque--1536x1024.jpg 1536w, https:\/\/katiamihaylova.fr\/wp-content\/uploads\/2024\/07\/etagere-design-architecture-dinterieur-terre-cuite-ceramique-poteries-sur-mesure-detail-bibliotheque--2048x1365.jpg 2048w, https:\/\/katiamihaylova.fr\/wp-content\/uploads\/2024\/07\/etagere-design-architecture-dinterieur-terre-cuite-ceramique-poteries-sur-mesure-detail-bibliotheque--90x60.jpg 90w, https:\/\/katiamihaylova.fr\/wp-content\/uploads\/2024\/07\/etagere-design-architecture-dinterieur-terre-cuite-ceramique-poteries-sur-mesure-detail-bibliotheque--420x280.jpg 420w\" sizes=\"auto, (max-width: 1024px) 100vw, 1024px\" \/><\/figure>\n\n\n\n<figure class=\"wp-block-image size-large\"><img loading=\"lazy\" decoding=\"async\" width=\"1024\" height=\"683\" data-id=\"630\" src=\"https:\/\/katiamihaylova.fr\/wp-content\/uploads\/2024\/07\/etagere-design-architecture-dinterieur-terre-cuite-ceramique-poteries--1024x683.jpg\" alt=\"\" class=\"wp-image-630\" srcset=\"https:\/\/katiamihaylova.fr\/wp-content\/uploads\/2024\/07\/etagere-design-architecture-dinterieur-terre-cuite-ceramique-poteries--1024x683.jpg 1024w, https:\/\/katiamihaylova.fr\/wp-content\/uploads\/2024\/07\/etagere-design-architecture-dinterieur-terre-cuite-ceramique-poteries--300x200.jpg 300w, https:\/\/katiamihaylova.fr\/wp-content\/uploads\/2024\/07\/etagere-design-architecture-dinterieur-terre-cuite-ceramique-poteries--768x512.jpg 768w, https:\/\/katiamihaylova.fr\/wp-content\/uploads\/2024\/07\/etagere-design-architecture-dinterieur-terre-cuite-ceramique-poteries--1536x1024.jpg 1536w, https:\/\/katiamihaylova.fr\/wp-content\/uploads\/2024\/07\/etagere-design-architecture-dinterieur-terre-cuite-ceramique-poteries--2048x1365.jpg 2048w, https:\/\/katiamihaylova.fr\/wp-content\/uploads\/2024\/07\/etagere-design-architecture-dinterieur-terre-cuite-ceramique-poteries--90x60.jpg 90w, https:\/\/katiamihaylova.fr\/wp-content\/uploads\/2024\/07\/etagere-design-architecture-dinterieur-terre-cuite-ceramique-poteries--420x280.jpg 420w\" sizes=\"auto, (max-width: 1024px) 100vw, 1024px\" \/><\/figure>\n<\/figure>\n\n\n\n<figure class=\"wp-block-gallery has-nested-images columns-default is-cropped wp-block-gallery-6 is-layout-flex wp-block-gallery-is-layout-flex\">\n<figure class=\"wp-block-image size-large wp-duotone-grayscale\"><img loading=\"lazy\" decoding=\"async\" width=\"683\" height=\"1024\" data-id=\"766\" src=\"http:\/\/katiamihaylova.fr\/wp-content\/uploads\/2024\/07\/DSC00217-683x1024.jpg\" alt=\"\" class=\"wp-image-766\" srcset=\"https:\/\/katiamihaylova.fr\/wp-content\/uploads\/2024\/07\/DSC00217-683x1024.jpg 683w, https:\/\/katiamihaylova.fr\/wp-content\/uploads\/2024\/07\/DSC00217-200x300.jpg 200w, https:\/\/katiamihaylova.fr\/wp-content\/uploads\/2024\/07\/DSC00217-768x1152.jpg 768w, https:\/\/katiamihaylova.fr\/wp-content\/uploads\/2024\/07\/DSC00217-1024x1536.jpg 1024w, https:\/\/katiamihaylova.fr\/wp-content\/uploads\/2024\/07\/DSC00217-1365x2048.jpg 1365w, https:\/\/katiamihaylova.fr\/wp-content\/uploads\/2024\/07\/DSC00217-scaled.jpg 1707w\" sizes=\"auto, (max-width: 683px) 100vw, 683px\" \/><figcaption class=\"wp-element-caption\">s\u00e9chage, les pi\u00e8ces subissent une r\u00e9duction de 12% apr\u00e8s la cuisson<\/figcaption><\/figure>\n\n\n\n<figure class=\"wp-block-image size-large wp-duotone-unset-5\"><img loading=\"lazy\" decoding=\"async\" width=\"683\" height=\"1024\" data-id=\"1103\" src=\"http:\/\/katiamihaylova.fr\/wp-content\/uploads\/2024\/07\/DSC00093-katia-1-683x1024.jpg\" alt=\"\" class=\"wp-image-1103\" srcset=\"https:\/\/katiamihaylova.fr\/wp-content\/uploads\/2024\/07\/DSC00093-katia-1-683x1024.jpg 683w, https:\/\/katiamihaylova.fr\/wp-content\/uploads\/2024\/07\/DSC00093-katia-1-200x300.jpg 200w, https:\/\/katiamihaylova.fr\/wp-content\/uploads\/2024\/07\/DSC00093-katia-1-768x1152.jpg 768w, https:\/\/katiamihaylova.fr\/wp-content\/uploads\/2024\/07\/DSC00093-katia-1-1024x1536.jpg 1024w, https:\/\/katiamihaylova.fr\/wp-content\/uploads\/2024\/07\/DSC00093-katia-1-1365x2048.jpg 1365w, https:\/\/katiamihaylova.fr\/wp-content\/uploads\/2024\/07\/DSC00093-katia-1-scaled.jpg 1707w\" sizes=\"auto, (max-width: 683px) 100vw, 683px\" \/><figcaption class=\"wp-element-caption\">croquis de travail <\/figcaption><\/figure>\n\n\n\n<figure class=\"wp-block-image size-large wp-duotone-grayscale\"><img loading=\"lazy\" decoding=\"async\" width=\"683\" height=\"1024\" data-id=\"650\" src=\"http:\/\/katiamihaylova.fr\/wp-content\/uploads\/2023\/08\/DSC00395-683x1024.jpg\" alt=\"\" class=\"wp-image-650\" srcset=\"https:\/\/katiamihaylova.fr\/wp-content\/uploads\/2023\/08\/DSC00395-683x1024.jpg 683w, https:\/\/katiamihaylova.fr\/wp-content\/uploads\/2023\/08\/DSC00395-200x300.jpg 200w, https:\/\/katiamihaylova.fr\/wp-content\/uploads\/2023\/08\/DSC00395-768x1152.jpg 768w, https:\/\/katiamihaylova.fr\/wp-content\/uploads\/2023\/08\/DSC00395-1024x1536.jpg 1024w, https:\/\/katiamihaylova.fr\/wp-content\/uploads\/2023\/08\/DSC00395-1365x2048.jpg 1365w, https:\/\/katiamihaylova.fr\/wp-content\/uploads\/2023\/08\/DSC00395-40x60.jpg 40w, https:\/\/katiamihaylova.fr\/wp-content\/uploads\/2023\/08\/DSC00395-scaled.jpg 1707w\" sizes=\"auto, (max-width: 683px) 100vw, 683px\" \/><figcaption class=\"wp-element-caption\">malgr\u00e9 les formes uniques les hauteurs sont respect\u00e9s au millim\u00e8tre <\/figcaption><\/figure>\n<\/figure>\n\n\n\n<figure class=\"wp-block-image size-full\"><img loading=\"lazy\" decoding=\"async\" width=\"2560\" height=\"1707\" src=\"https:\/\/katiamihaylova.fr\/wp-content\/uploads\/2024\/07\/etagere-design-architecture-dinterieur-terre-cuite-ceramique-poteries-sur-mesure-2-scaled-e1719842103649.jpg\" alt=\"\" class=\"wp-image-631\" srcset=\"https:\/\/katiamihaylova.fr\/wp-content\/uploads\/2024\/07\/etagere-design-architecture-dinterieur-terre-cuite-ceramique-poteries-sur-mesure-2-scaled-e1719842103649.jpg 2560w, https:\/\/katiamihaylova.fr\/wp-content\/uploads\/2024\/07\/etagere-design-architecture-dinterieur-terre-cuite-ceramique-poteries-sur-mesure-2-scaled-e1719842103649-300x200.jpg 300w, https:\/\/katiamihaylova.fr\/wp-content\/uploads\/2024\/07\/etagere-design-architecture-dinterieur-terre-cuite-ceramique-poteries-sur-mesure-2-scaled-e1719842103649-1024x683.jpg 1024w, https:\/\/katiamihaylova.fr\/wp-content\/uploads\/2024\/07\/etagere-design-architecture-dinterieur-terre-cuite-ceramique-poteries-sur-mesure-2-scaled-e1719842103649-768x512.jpg 768w, https:\/\/katiamihaylova.fr\/wp-content\/uploads\/2024\/07\/etagere-design-architecture-dinterieur-terre-cuite-ceramique-poteries-sur-mesure-2-scaled-e1719842103649-1536x1024.jpg 1536w, https:\/\/katiamihaylova.fr\/wp-content\/uploads\/2024\/07\/etagere-design-architecture-dinterieur-terre-cuite-ceramique-poteries-sur-mesure-2-scaled-e1719842103649-2048x1366.jpg 2048w, https:\/\/katiamihaylova.fr\/wp-content\/uploads\/2024\/07\/etagere-design-architecture-dinterieur-terre-cuite-ceramique-poteries-sur-mesure-2-scaled-e1719842103649-90x60.jpg 90w, https:\/\/katiamihaylova.fr\/wp-content\/uploads\/2024\/07\/etagere-design-architecture-dinterieur-terre-cuite-ceramique-poteries-sur-mesure-2-scaled-e1719842103649-420x280.jpg 420w\" sizes=\"auto, (max-width: 2560px) 100vw, 2560px\" \/><\/figure>\n","protected":false},"excerpt":{"rendered":"","protected":false},"author":1,"featured_media":0,"parent":0,"menu_order":2,"comment_status":"closed","ping_status":"closed","template":"","meta":{"footnotes":""},"class_list":["post-166","page","type-page","status-publish","hentry"],"_links":{"self":[{"href":"https:\/\/katiamihaylova.fr\/index.php\/wp-json\/wp\/v2\/pages\/166","targetHints":{"allow":["GET"]}}],"collection":[{"href":"https:\/\/katiamihaylova.fr\/index.php\/wp-json\/wp\/v2\/pages"}],"about":[{"href":"https:\/\/katiamihaylova.fr\/index.php\/wp-json\/wp\/v2\/types\/page"}],"author":[{"embeddable":true,"href":"https:\/\/katiamihaylova.fr\/index.php\/wp-json\/wp\/v2\/users\/1"}],"replies":[{"embeddable":true,"href":"https:\/\/katiamihaylova.fr\/index.php\/wp-json\/wp\/v2\/comments?post=166"}],"version-history":[{"count":63,"href":"https:\/\/katiamihaylova.fr\/index.php\/wp-json\/wp\/v2\/pages\/166\/revisions"}],"predecessor-version":[{"id":1154,"href":"https:\/\/katiamihaylova.fr\/index.php\/wp-json\/wp\/v2\/pages\/166\/revisions\/1154"}],"wp:attachment":[{"href":"https:\/\/katiamihaylova.fr\/index.php\/wp-json\/wp\/v2\/media?parent=166"}],"curies":[{"name":"wp","href":"https:\/\/api.w.org\/{rel}","templated":true}]}}