{"id":52,"date":"2023-08-22T09:58:32","date_gmt":"2023-08-22T07:58:32","guid":{"rendered":"https:\/\/katiamihaylova.fr\/?page_id=52"},"modified":"2025-09-03T16:16:53","modified_gmt":"2025-09-03T14:16:53","slug":"murs-en-terre","status":"publish","type":"page","link":"https:\/\/katiamihaylova.fr\/","title":{"rendered":"KATIA MIHAYLOVA c\u00e9ramiste &amp;                                                                     architecte d&rsquo;int\u00e9rieur"},"content":{"rendered":"\n<p class=\"has-text-align-center has-black-color has-text-color has-link-color has-medium-font-size wp-elements-9710f383c76fcff40f57783a1f458759\">Bienvenue sur mon site, je vous pr\u00e9sente ici le travail que je r\u00e9alise en tant que c\u00e9ramiste et architecte d\u2019int\u00e9rieur, activit\u00e9s ayant comme point commun&nbsp;\u00ab&nbsp;la terre&nbsp;\u00bb.<\/p>\n\n\n\n<div class=\"wp-block-group has-black-color has-text-color has-link-color has-small-font-size wp-elements-a4722f72b0cded3c47d3983185a8972f\"><div class=\"wp-block-group__inner-container is-layout-constrained wp-block-group-is-layout-constrained\">\n<p class=\"has-text-align-center has-medium-font-size\">Apr\u00e8s plusieurs ann\u00e9es de travail en tant qu&rsquo;architecte associ\u00e9e au sein de l\u2019agence Lyonnaise Atelier 43 j\u2019ai souhait\u00e9 changer d\u2019\u00e9chelle pour allier la conception \u00e0 l&rsquo;artisanat. Attir\u00e9e par le faire, j\u2019ai appris la technique du tour de poterie pour fabriquer des d\u00e9tails d\u2019int\u00e9rieur. J&rsquo;ai grand plaisir de battre la terre, d&rsquo;y plonger les mains, de caresser la mati\u00e8re. A mes yeux, c&rsquo;est une mati\u00e8re noble dont je veux prendre soin.<\/p>\n\n\n\n<p class=\"has-text-align-center has-black-color has-white-background-color has-text-color has-background has-link-color has-medium-font-size wp-elements-4ff29957cac519c65cdc5959f35860ab\"><strong><em>      Offrir un champ large \u00e0 la terre pour explorer de nouvelles fonctionnalit\u00e9s<\/em><\/strong><\/p>\n\n\n\n<p class=\"has-text-align-center has-medium-font-size\">J\u2019aime faire confiance \u00e0 cette mati\u00e8re en lui donnant un r\u00f4le structurel pour faire une biblioth\u00e8que ou cr\u00e9er un luminaire en terre crue. Bien plac\u00e9e et model\u00e9e elle peut transformer les murs en objet et participer pleinement \u00e0 l\u2019ambiance d\u2019int\u00e9rieure.  Avec cette d\u00e9marche je vous accompagne dans la conception de vos projets d&rsquo;am\u00e9nagements int\u00e9rieurs et de design des objets et d&rsquo;espaces.<\/p>\n\n\n\n<p class=\"has-text-align-center has-luminous-vivid-amber-color has-text-color has-link-color has-medium-font-size wp-elements-883b6593b1e3074402d3eeb592379d21\"><strong><a href=\"https:\/\/katiamihaylova.fr\/index.php\/mobilier\/\" data-type=\"page\" data-id=\"166\">SUR &#8211; MESURE<\/a><\/strong><\/p>\n\n\n<div class=\"wp-block-image is-style-rounded\">\n<figure class=\"aligncenter size-large is-resized\"><img loading=\"lazy\" decoding=\"async\" width=\"683\" height=\"1024\" src=\"http:\/\/katiamihaylova.fr\/wp-content\/uploads\/2024\/07\/etagere-design-architecture-dinterieur-terre-cuite-ceramique-poteries-sur-mesure-vases-2-683x1024.jpg\" alt=\"\" class=\"wp-image-640\" style=\"width:549px;height:auto\" srcset=\"https:\/\/katiamihaylova.fr\/wp-content\/uploads\/2024\/07\/etagere-design-architecture-dinterieur-terre-cuite-ceramique-poteries-sur-mesure-vases-2-683x1024.jpg 683w, https:\/\/katiamihaylova.fr\/wp-content\/uploads\/2024\/07\/etagere-design-architecture-dinterieur-terre-cuite-ceramique-poteries-sur-mesure-vases-2-200x300.jpg 200w, https:\/\/katiamihaylova.fr\/wp-content\/uploads\/2024\/07\/etagere-design-architecture-dinterieur-terre-cuite-ceramique-poteries-sur-mesure-vases-2-768x1152.jpg 768w, https:\/\/katiamihaylova.fr\/wp-content\/uploads\/2024\/07\/etagere-design-architecture-dinterieur-terre-cuite-ceramique-poteries-sur-mesure-vases-2-1024x1536.jpg 1024w, https:\/\/katiamihaylova.fr\/wp-content\/uploads\/2024\/07\/etagere-design-architecture-dinterieur-terre-cuite-ceramique-poteries-sur-mesure-vases-2-1365x2048.jpg 1365w, https:\/\/katiamihaylova.fr\/wp-content\/uploads\/2024\/07\/etagere-design-architecture-dinterieur-terre-cuite-ceramique-poteries-sur-mesure-vases-2-40x60.jpg 40w, https:\/\/katiamihaylova.fr\/wp-content\/uploads\/2024\/07\/etagere-design-architecture-dinterieur-terre-cuite-ceramique-poteries-sur-mesure-vases-2-scaled.jpg 1707w\" sizes=\"auto, (max-width: 683px) 100vw, 683px\" \/><figcaption class=\"wp-element-caption\"><a href=\"https:\/\/katiamihaylova.fr\/index.php\/mobilier\/\" data-type=\"page\" data-id=\"166\">BIBLIOTHEQUE COURBEE<\/a><\/figcaption><\/figure>\n<\/div>\n\n\n<p class=\"has-text-align-center has-black-color has-white-background-color has-text-color has-background has-link-color has-medium-font-size wp-elements-512ef4584c0986a756fb9e680d160e57\"><strong><em>Les formes simples, la terre telle qu\u2019elle est<\/em><\/strong><\/p>\n\n\n\n<p class=\"has-text-align-center has-medium-font-size\">Les objets que je cr\u00e9e r\u00e9v\u00e8lent les multiples textures et les couleurs authentiques des argiles. La dimension fonctionnelle est le point de d\u00e9part pour chacune de mes cr\u00e9ations, issues de collaborations avec des clients ou de mes recherches et inspirations. Je cherche \u00e0 cr\u00e9er des objets discrets, curieux qui invitent le calme et apaisent l\u2019esprit avec la volont\u00e9 qu&rsquo;ils durent dans le temps et s&rsquo;int\u00e8grent \u00e0 chaque \u00e9poque et espace.<\/p>\n<\/div><\/div>\n\n\n\n<p class=\"has-text-align-center has-luminous-vivid-amber-color has-white-background-color has-text-color has-background has-link-color has-medium-font-size wp-elements-948675108b6743e29db9294edb7a02ae\"><a href=\"https:\/\/katiamihaylova.fr\/index.php\/murs-en-terre\/terres-cuites\/\" data-type=\"page\" data-id=\"168\"><strong>CERAMIQUES <\/strong><\/a><\/p>\n\n\n\n<figure class=\"wp-block-gallery has-nested-images columns-default is-cropped wp-block-gallery-1 is-layout-flex wp-block-gallery-is-layout-flex\">\n<figure class=\"wp-block-image size-large is-style-rounded\"><a href=\"https:\/\/katiamihaylova.fr\/index.php\/bulot-de-lumiere\/\"><img loading=\"lazy\" decoding=\"async\" width=\"845\" height=\"1024\" data-id=\"542\" src=\"http:\/\/katiamihaylova.fr\/wp-content\/uploads\/2024\/02\/Plafonnier-terre-gres-lumiere-lampe-interieur-decoration-luminaire-design-dinterieur-architecte-terre-suspente--845x1024.jpg\" alt=\"\" class=\"wp-image-542\" srcset=\"https:\/\/katiamihaylova.fr\/wp-content\/uploads\/2024\/02\/Plafonnier-terre-gres-lumiere-lampe-interieur-decoration-luminaire-design-dinterieur-architecte-terre-suspente--845x1024.jpg 845w, https:\/\/katiamihaylova.fr\/wp-content\/uploads\/2024\/02\/Plafonnier-terre-gres-lumiere-lampe-interieur-decoration-luminaire-design-dinterieur-architecte-terre-suspente--248x300.jpg 248w, https:\/\/katiamihaylova.fr\/wp-content\/uploads\/2024\/02\/Plafonnier-terre-gres-lumiere-lampe-interieur-decoration-luminaire-design-dinterieur-architecte-terre-suspente--768x931.jpg 768w, https:\/\/katiamihaylova.fr\/wp-content\/uploads\/2024\/02\/Plafonnier-terre-gres-lumiere-lampe-interieur-decoration-luminaire-design-dinterieur-architecte-terre-suspente--1267x1536.jpg 1267w, https:\/\/katiamihaylova.fr\/wp-content\/uploads\/2024\/02\/Plafonnier-terre-gres-lumiere-lampe-interieur-decoration-luminaire-design-dinterieur-architecte-terre-suspente--50x60.jpg 50w, https:\/\/katiamihaylova.fr\/wp-content\/uploads\/2024\/02\/Plafonnier-terre-gres-lumiere-lampe-interieur-decoration-luminaire-design-dinterieur-architecte-terre-suspente-.jpg 1472w\" sizes=\"auto, (max-width: 845px) 100vw, 845px\" \/><\/a><figcaption class=\"wp-element-caption\"><a href=\"https:\/\/katiamihaylova.fr\/index.php\/bulot-de-lumiere\/\" data-type=\"page\" data-id=\"1030\">BULOT DE LUMIERE<\/a> <br>en stock<\/figcaption><\/figure>\n\n\n\n<figure class=\"wp-block-image size-large is-style-rounded\"><a href=\"https:\/\/katiamihaylova.fr\/index.php\/kaska\/\"><img loading=\"lazy\" decoding=\"async\" width=\"768\" height=\"1024\" data-id=\"1214\" src=\"http:\/\/katiamihaylova.fr\/wp-content\/uploads\/2025\/09\/IMG_3395-768x1024.jpg\" alt=\"\" class=\"wp-image-1214\" srcset=\"https:\/\/katiamihaylova.fr\/wp-content\/uploads\/2025\/09\/IMG_3395-768x1024.jpg 768w, https:\/\/katiamihaylova.fr\/wp-content\/uploads\/2025\/09\/IMG_3395-225x300.jpg 225w, https:\/\/katiamihaylova.fr\/wp-content\/uploads\/2025\/09\/IMG_3395-1152x1536.jpg 1152w, https:\/\/katiamihaylova.fr\/wp-content\/uploads\/2025\/09\/IMG_3395-1536x2048.jpg 1536w, https:\/\/katiamihaylova.fr\/wp-content\/uploads\/2025\/09\/IMG_3395-scaled.jpg 1920w\" sizes=\"auto, (max-width: 768px) 100vw, 768px\" \/><\/a><figcaption class=\"wp-element-caption\"><a href=\"https:\/\/katiamihaylova.fr\/index.php\/kaska\/\" data-type=\"page\" data-id=\"1204\">KASKA<\/a><br>en stock<\/figcaption><\/figure>\n\n\n\n<figure class=\"wp-block-image size-large is-style-rounded\"><a href=\"https:\/\/katiamihaylova.fr\/index.php\/etoile-en-terre-2\/\"><img loading=\"lazy\" decoding=\"async\" width=\"677\" height=\"1024\" data-id=\"243\" src=\"https:\/\/katiamihaylova.fr\/wp-content\/uploads\/2023\/09\/applique-murale-terre--677x1024.jpg\" alt=\"\" class=\"wp-image-243\" srcset=\"https:\/\/katiamihaylova.fr\/wp-content\/uploads\/2023\/09\/applique-murale-terre--677x1024.jpg 677w, https:\/\/katiamihaylova.fr\/wp-content\/uploads\/2023\/09\/applique-murale-terre--198x300.jpg 198w, https:\/\/katiamihaylova.fr\/wp-content\/uploads\/2023\/09\/applique-murale-terre--768x1162.jpg 768w, https:\/\/katiamihaylova.fr\/wp-content\/uploads\/2023\/09\/applique-murale-terre--1015x1536.jpg 1015w, https:\/\/katiamihaylova.fr\/wp-content\/uploads\/2023\/09\/applique-murale-terre--1354x2048.jpg 1354w, https:\/\/katiamihaylova.fr\/wp-content\/uploads\/2023\/09\/applique-murale-terre--40x60.jpg 40w, https:\/\/katiamihaylova.fr\/wp-content\/uploads\/2023\/09\/applique-murale-terre--scaled.jpg 1692w\" sizes=\"auto, (max-width: 677px) 100vw, 677px\" \/><\/a><figcaption class=\"wp-element-caption\"><a href=\"https:\/\/katiamihaylova.fr\/index.php\/etoile-en-terre-2\/\" data-type=\"page\" data-id=\"1037\">ETOILE EN TERRE<\/a> <br>en stock <\/figcaption><\/figure>\n<\/figure>\n\n\n\n<figure class=\"wp-block-gallery has-nested-images columns-default is-cropped wp-block-gallery-2 is-layout-flex wp-block-gallery-is-layout-flex\">\n<figure class=\"wp-block-image size-large is-style-rounded\"><a href=\"https:\/\/katiamihaylova.fr\/index.php\/pot-a-lacto-fermentation\/\"><img loading=\"lazy\" decoding=\"async\" width=\"768\" height=\"1024\" data-id=\"1062\" src=\"http:\/\/katiamihaylova.fr\/wp-content\/uploads\/2024\/07\/IMG_9418-768x1024.jpg\" alt=\"\" class=\"wp-image-1062\" srcset=\"https:\/\/katiamihaylova.fr\/wp-content\/uploads\/2024\/07\/IMG_9418-768x1024.jpg 768w, https:\/\/katiamihaylova.fr\/wp-content\/uploads\/2024\/07\/IMG_9418-225x300.jpg 225w, https:\/\/katiamihaylova.fr\/wp-content\/uploads\/2024\/07\/IMG_9418-1152x1536.jpg 1152w, https:\/\/katiamihaylova.fr\/wp-content\/uploads\/2024\/07\/IMG_9418-1536x2048.jpg 1536w, https:\/\/katiamihaylova.fr\/wp-content\/uploads\/2024\/07\/IMG_9418-scaled.jpg 1920w\" sizes=\"auto, (max-width: 768px) 100vw, 768px\" \/><\/a><figcaption class=\"wp-element-caption\"><a href=\"https:\/\/katiamihaylova.fr\/index.php\/pot-a-lacto-fermentation\/\" data-type=\"page\" data-id=\"1020\">POT A LACTO-FERMENTATION<\/a><br>en stock<\/figcaption><\/figure>\n\n\n\n<figure class=\"wp-block-image size-large is-style-rounded\"><a href=\"https:\/\/katiamihaylova.fr\/index.php\/pateres\/\"><img loading=\"lazy\" decoding=\"async\" width=\"770\" height=\"1024\" data-id=\"450\" src=\"http:\/\/katiamihaylova.fr\/wp-content\/uploads\/2023\/08\/interieur-design-architecture-pateres-en-gres-detail--770x1024.jpg\" alt=\"\" class=\"wp-image-450\" srcset=\"https:\/\/katiamihaylova.fr\/wp-content\/uploads\/2023\/08\/interieur-design-architecture-pateres-en-gres-detail--770x1024.jpg 770w, https:\/\/katiamihaylova.fr\/wp-content\/uploads\/2023\/08\/interieur-design-architecture-pateres-en-gres-detail--226x300.jpg 226w, https:\/\/katiamihaylova.fr\/wp-content\/uploads\/2023\/08\/interieur-design-architecture-pateres-en-gres-detail--768x1021.jpg 768w, https:\/\/katiamihaylova.fr\/wp-content\/uploads\/2023\/08\/interieur-design-architecture-pateres-en-gres-detail--1155x1536.jpg 1155w, https:\/\/katiamihaylova.fr\/wp-content\/uploads\/2023\/08\/interieur-design-architecture-pateres-en-gres-detail--1540x2048.jpg 1540w, https:\/\/katiamihaylova.fr\/wp-content\/uploads\/2023\/08\/interieur-design-architecture-pateres-en-gres-detail--45x60.jpg 45w, https:\/\/katiamihaylova.fr\/wp-content\/uploads\/2023\/08\/interieur-design-architecture-pateres-en-gres-detail--scaled.jpg 1925w\" sizes=\"auto, (max-width: 770px) 100vw, 770px\" \/><\/a><figcaption class=\"wp-element-caption\"><a href=\"https:\/\/katiamihaylova.fr\/index.php\/pateres\/\" data-type=\"page\" data-id=\"1039\">PATERES<\/a><br>en stock<\/figcaption><\/figure>\n\n\n\n<figure class=\"wp-block-image size-large is-style-rounded\"><a href=\"https:\/\/katiamihaylova.fr\/index.php\/tour-de-lumiere\/\"><img loading=\"lazy\" decoding=\"async\" width=\"793\" height=\"1024\" data-id=\"352\" src=\"http:\/\/katiamihaylova.fr\/wp-content\/uploads\/2023\/09\/lampe-a-poser-lampe-de-bureau-certifie-Ce-ambiance-en-terre-gres-noir--793x1024.jpg\" alt=\"\" class=\"wp-image-352\" srcset=\"https:\/\/katiamihaylova.fr\/wp-content\/uploads\/2023\/09\/lampe-a-poser-lampe-de-bureau-certifie-Ce-ambiance-en-terre-gres-noir--793x1024.jpg 793w, https:\/\/katiamihaylova.fr\/wp-content\/uploads\/2023\/09\/lampe-a-poser-lampe-de-bureau-certifie-Ce-ambiance-en-terre-gres-noir--232x300.jpg 232w, https:\/\/katiamihaylova.fr\/wp-content\/uploads\/2023\/09\/lampe-a-poser-lampe-de-bureau-certifie-Ce-ambiance-en-terre-gres-noir--768x991.jpg 768w, https:\/\/katiamihaylova.fr\/wp-content\/uploads\/2023\/09\/lampe-a-poser-lampe-de-bureau-certifie-Ce-ambiance-en-terre-gres-noir--1190x1536.jpg 1190w, https:\/\/katiamihaylova.fr\/wp-content\/uploads\/2023\/09\/lampe-a-poser-lampe-de-bureau-certifie-Ce-ambiance-en-terre-gres-noir--1587x2048.jpg 1587w, https:\/\/katiamihaylova.fr\/wp-content\/uploads\/2023\/09\/lampe-a-poser-lampe-de-bureau-certifie-Ce-ambiance-en-terre-gres-noir--46x60.jpg 46w, https:\/\/katiamihaylova.fr\/wp-content\/uploads\/2023\/09\/lampe-a-poser-lampe-de-bureau-certifie-Ce-ambiance-en-terre-gres-noir--scaled.jpg 1984w\" sizes=\"auto, (max-width: 793px) 100vw, 793px\" \/><\/a><figcaption class=\"wp-element-caption\"><a href=\"https:\/\/katiamihaylova.fr\/index.php\/tour-de-lumiere\/\" data-type=\"page\" data-id=\"1032\">TOUR DE LUMIERE<\/a>  <br>en stock<\/figcaption><\/figure>\n<\/figure>\n\n\n\n<figure class=\"wp-block-gallery has-nested-images columns-default is-cropped wp-block-gallery-3 is-layout-flex wp-block-gallery-is-layout-flex\">\n<figure class=\"wp-block-image size-large is-style-rounded\"><a href=\"https:\/\/katiamihaylova.fr\/index.php\/lumieres-rouges\/\"><img loading=\"lazy\" decoding=\"async\" width=\"748\" height=\"1024\" data-id=\"759\" src=\"https:\/\/katiamihaylova.fr\/wp-content\/uploads\/2024\/07\/IMG_E8913-748x1024.jpg\" alt=\"\" class=\"wp-image-759\" srcset=\"https:\/\/katiamihaylova.fr\/wp-content\/uploads\/2024\/07\/IMG_E8913-748x1024.jpg 748w, https:\/\/katiamihaylova.fr\/wp-content\/uploads\/2024\/07\/IMG_E8913-219x300.jpg 219w, https:\/\/katiamihaylova.fr\/wp-content\/uploads\/2024\/07\/IMG_E8913-768x1052.jpg 768w, https:\/\/katiamihaylova.fr\/wp-content\/uploads\/2024\/07\/IMG_E8913-1121x1536.jpg 1121w, https:\/\/katiamihaylova.fr\/wp-content\/uploads\/2024\/07\/IMG_E8913-1495x2048.jpg 1495w, https:\/\/katiamihaylova.fr\/wp-content\/uploads\/2024\/07\/IMG_E8913-scaled.jpg 1869w\" sizes=\"auto, (max-width: 748px) 100vw, 748px\" \/><\/a><figcaption class=\"wp-element-caption\"><a href=\"https:\/\/katiamihaylova.fr\/index.php\/lumieres-rouges\/\" data-type=\"page\" data-id=\"1026\">LUMIERES ROUGES<\/a> <br>sur demande<\/figcaption><\/figure>\n\n\n\n<figure class=\"wp-block-image size-large is-style-rounded\"><a href=\"https:\/\/katiamihaylova.fr\/index.php\/boule-en-terre\/\"><img loading=\"lazy\" decoding=\"async\" width=\"1024\" height=\"801\" data-id=\"463\" src=\"http:\/\/katiamihaylova.fr\/wp-content\/uploads\/2023\/08\/applique-en-terre-argile-fait-main-enduit-en-terre-made-in-france-design-lyon-architecture-dinterieur-amenagement-3-1024x801.jpg\" alt=\"\" class=\"wp-image-463\" srcset=\"https:\/\/katiamihaylova.fr\/wp-content\/uploads\/2023\/08\/applique-en-terre-argile-fait-main-enduit-en-terre-made-in-france-design-lyon-architecture-dinterieur-amenagement-3-1024x801.jpg 1024w, https:\/\/katiamihaylova.fr\/wp-content\/uploads\/2023\/08\/applique-en-terre-argile-fait-main-enduit-en-terre-made-in-france-design-lyon-architecture-dinterieur-amenagement-3-300x235.jpg 300w, https:\/\/katiamihaylova.fr\/wp-content\/uploads\/2023\/08\/applique-en-terre-argile-fait-main-enduit-en-terre-made-in-france-design-lyon-architecture-dinterieur-amenagement-3-768x601.jpg 768w, https:\/\/katiamihaylova.fr\/wp-content\/uploads\/2023\/08\/applique-en-terre-argile-fait-main-enduit-en-terre-made-in-france-design-lyon-architecture-dinterieur-amenagement-3-1536x1201.jpg 1536w, https:\/\/katiamihaylova.fr\/wp-content\/uploads\/2023\/08\/applique-en-terre-argile-fait-main-enduit-en-terre-made-in-france-design-lyon-architecture-dinterieur-amenagement-3-2048x1601.jpg 2048w, https:\/\/katiamihaylova.fr\/wp-content\/uploads\/2023\/08\/applique-en-terre-argile-fait-main-enduit-en-terre-made-in-france-design-lyon-architecture-dinterieur-amenagement-3-77x60.jpg 77w\" sizes=\"auto, (max-width: 1024px) 100vw, 1024px\" \/><\/a><figcaption class=\"wp-element-caption\"><a href=\"https:\/\/katiamihaylova.fr\/index.php\/boule-en-terre\/\" data-type=\"page\" data-id=\"1034\">BOULE EN TERRE<\/a> <br>sur demande<\/figcaption><\/figure>\n\n\n\n<figure class=\"wp-block-image size-large is-style-rounded\"><a href=\"https:\/\/katiamihaylova.fr\/index.php\/halo\/\"><img loading=\"lazy\" decoding=\"async\" width=\"683\" height=\"1024\" data-id=\"440\" src=\"https:\/\/katiamihaylova.fr\/wp-content\/uploads\/2023\/08\/plafonnier-en-terre-interieur-fait-main-en-gres-design--683x1024.jpg\" alt=\"\" class=\"wp-image-440\" srcset=\"https:\/\/katiamihaylova.fr\/wp-content\/uploads\/2023\/08\/plafonnier-en-terre-interieur-fait-main-en-gres-design--683x1024.jpg 683w, https:\/\/katiamihaylova.fr\/wp-content\/uploads\/2023\/08\/plafonnier-en-terre-interieur-fait-main-en-gres-design--200x300.jpg 200w, https:\/\/katiamihaylova.fr\/wp-content\/uploads\/2023\/08\/plafonnier-en-terre-interieur-fait-main-en-gres-design--768x1152.jpg 768w, https:\/\/katiamihaylova.fr\/wp-content\/uploads\/2023\/08\/plafonnier-en-terre-interieur-fait-main-en-gres-design--1024x1536.jpg 1024w, https:\/\/katiamihaylova.fr\/wp-content\/uploads\/2023\/08\/plafonnier-en-terre-interieur-fait-main-en-gres-design--1365x2048.jpg 1365w, https:\/\/katiamihaylova.fr\/wp-content\/uploads\/2023\/08\/plafonnier-en-terre-interieur-fait-main-en-gres-design--40x60.jpg 40w, https:\/\/katiamihaylova.fr\/wp-content\/uploads\/2023\/08\/plafonnier-en-terre-interieur-fait-main-en-gres-design--scaled.jpg 1707w\" sizes=\"auto, (max-width: 683px) 100vw, 683px\" \/><\/a><figcaption class=\"wp-element-caption\"><a href=\"https:\/\/katiamihaylova.fr\/index.php\/halo\/\" data-type=\"page\" data-id=\"1041\">HALO<\/a><br>sur demande<\/figcaption><\/figure>\n<\/figure>\n\n\n\n<p class=\"has-text-align-center has-luminous-vivid-amber-color has-text-color has-link-color has-medium-font-size wp-elements-475eab84b3a450d7b63543f74c46326d\"><a href=\"https:\/\/katiamihaylova.fr\/index.php\/faire-pour-transmettre\/\" data-type=\"page\" data-id=\"201\"><strong>FAIRE DE LA CERAMIQUE <\/strong><\/a><\/p>\n\n\n\n<p class=\"has-text-align-center\">J&rsquo;aime apprendre en faisant et en observant c&rsquo;est ainsi que je transmets. Vous pouvez consulter les prochaines dates des ateliers <a href=\"https:\/\/katiamihaylova.fr\/index.php\/faire-pour-transmettre\/\" data-type=\"page\" data-id=\"201\">ici <\/a><\/p>\n\n\n\n<p class=\"has-text-align-center has-luminous-vivid-amber-color has-text-color has-link-color has-medium-font-size wp-elements-da9a0a6e8a008658f9aafb82e1c52f05\"><strong><a href=\"https:\/\/katiamihaylova.fr\/index.php\/contact\/\" data-type=\"page\" data-id=\"77\">L&rsquo;ATELIER <\/a><\/strong><\/p>\n\n\n\n<p class=\"has-text-align-center has-medium-font-size\">Vous pouvez me contacter pour venir visiter l&rsquo;atelier, commander les objets, faire des demandes de cr\u00e9ations d\u2019objets sur mesure ou passer des commandes pour des missions d\u2019am\u00e9nagements d\u2019int\u00e9rieurs et design d&rsquo;espace.  <\/p>\n","protected":false},"excerpt":{"rendered":"<p>Bienvenue sur mon site, je vous pr\u00e9sente ici le travail &hellip; <\/p>\n","protected":false},"author":1,"featured_media":0,"parent":0,"menu_order":0,"comment_status":"closed","ping_status":"closed","template":"","meta":{"footnotes":""},"class_list":["post-52","page","type-page","status-publish","hentry"],"_links":{"self":[{"href":"https:\/\/katiamihaylova.fr\/index.php\/wp-json\/wp\/v2\/pages\/52","targetHints":{"allow":["GET"]}}],"collection":[{"href":"https:\/\/katiamihaylova.fr\/index.php\/wp-json\/wp\/v2\/pages"}],"about":[{"href":"https:\/\/katiamihaylova.fr\/index.php\/wp-json\/wp\/v2\/types\/page"}],"author":[{"embeddable":true,"href":"https:\/\/katiamihaylova.fr\/index.php\/wp-json\/wp\/v2\/users\/1"}],"replies":[{"embeddable":true,"href":"https:\/\/katiamihaylova.fr\/index.php\/wp-json\/wp\/v2\/comments?post=52"}],"version-history":[{"count":69,"href":"https:\/\/katiamihaylova.fr\/index.php\/wp-json\/wp\/v2\/pages\/52\/revisions"}],"predecessor-version":[{"id":1249,"href":"https:\/\/katiamihaylova.fr\/index.php\/wp-json\/wp\/v2\/pages\/52\/revisions\/1249"}],"wp:attachment":[{"href":"https:\/\/katiamihaylova.fr\/index.php\/wp-json\/wp\/v2\/media?parent=52"}],"curies":[{"name":"wp","href":"https:\/\/api.w.org\/{rel}","templated":true}]}}